t) = 693*t + 48. Is d(17) a prime number?
False
Let q(p) = -51*p - 30. Is q(-13) prime?
False
Let t(u) = u - 3. Let f be t(7). Suppose 2*d + 2 = -f, -2217 = -3*z - 4*d. Is z composite?
False
Let q(g) = 4*g - 5. Let z be q(22). Suppose -36 - z = -y. Is y prime?
False
Let l(i) = -19*i**3 - 15*i**2 + i - 15. Let k(a) = 9*a**3 + 7*a**2 + 7. Let j(p) = 13*k(p) + 6*l(p). Is j(3) composite?
False
Let y be (-669)/18*-4*9/6. Suppose -c - y = -2*c. Is c prime?
True
Let o(x) = 8*x - 1. Let k be o(1). Suppose -3*i = 2*y - k, 2 = -i - 4*y - 9. Suppose 2*l = 4*w - l - 3920, -i*w = -5*l - 4895. Is w a composite number?
False
Suppose o - 3*c + 5*c = -32, o - 3*c = -57. Let m = o + 24. Let q(f) = f**3 + 18*f**2 - 22*f + 1. Is q(m) a composite number?
False
Suppose -10*b + 90895 - 9025 = 0. Is b composite?
True
Suppose 4*z = 3*s + 2*z + 3954, 2655 = -2*s - 5*z. Let i be ((-1)/2)/(5/s). Let k = i + -47. Is k prime?
False
Let t(u) = 82*u**2 + 1. Let o(q) = -4*q**2 + 2*q + 3. Let y(r) = -3*r**2 + r + 3. Let c(j) = 2*o(j) - 3*y(j). Let m be c(-2). Is t(m) a prime number?
True
Let a = -112 - -182. Let g = a - 45. Let j = g - -152. Is j composite?
True
Let v = -9 + 17. Is v/44 + (-2997)/(-33) a prime number?
False
Let d = 7998 - 520. Is d a composite number?
True
Suppose 241*b - 242*b + 9791 = 0. Is b a prime number?
True
Suppose -2*r = 5*r + 21. Let a(l) = -l**3 - 4*l**2 - l + 2. Let i be a(r). Let x(s) = -101*s + 5. Is x(i) a composite number?
False
Let g be 4*(-11 - -3)*-1. Suppose -5*j - g = -2*k + 1213, 5 = j. Is k prime?
False
Let m(o) = 2*o - 9. Let h be m(6). Let y be (h/(-2))/((-2)/1772). Suppose -x - y = -4*x. Is x a composite number?
False
Suppose 4*y - 8861 = -5*w + 3674, -7529 = -3*w - 4*y. Is w prime?
True
Suppose 0 = -5*q - 803 - 3082. Is ((-106)/4)/(q/(-98) + -8) a composite number?
True
Let u(i) = -4*i - 29. Let a(s) = -3*s - 19. Let y(m) = 7*a(m) - 5*u(m). Let h be y(9). Suppose 0 = -h*b + 6*b - 273. Is b a prime number?
False
Let g = 813 + 308. Is g composite?
True
Let g be -99 + 2/4*6. Let m = 19 - g. Is (-22)/(-143) + m/13 composite?
True
Let k(i) = -2752*i + 279. Is k(-16) a composite number?
True
Is 7216/(8/1) + 5 a prime number?
True
Suppose 0 = -7*h + 46709 + 10628. Is h a prime number?
True
Suppose -12*n = -8337 - 65127. Is n composite?
True
Is (-24722)/(-6) - 24/(-36) prime?
False
Suppose 4*j - 2*j + 12 = 0. Let r(b) = -2*b - 8. Let t be r(j). Suppose 9*f - 230 = t*f. Is f composite?
True
Let h be (0 + -1 + -11)*-1. Let i be 327/(-5) + (-6)/10. Is h/i + (-3942)/(-22) composite?
False
Let k(j) = -24*j**3 + 7*j**2 - 9*j + 23. Is k(-6) a composite number?
True
Suppose 4*a = -2*c + 294, -2*a - a + 227 = -5*c. Suppose -141 = -m - o, m + 5*o = -m + 294. Let h = a + m. Is h a prime number?
True
Let p(h) = 90*h**2 - 2*h + 1. Let t(k) = 91*k**2 - 3*k + 1. Let f(g) = 3*p(g) - 2*t(g). Suppose 2*s - 4 = -3*v, v = -3*v + 4*s + 12. Is f(v) a composite number?
False
Let r = 1067 + -660. Is r a composite number?
True
Let x be (6*16)/((-24)/(-64)). Suppose 5*d - x - 79 = 0. Is d a prime number?
True
Suppose 7739 = 2*j + 885. Let y be (-10)/(-45) - j/(-9). Suppose y = 2*h + h. Is h composite?
False
Suppose -14*k = -133239 - 40487. Is k a prime number?
True
Suppose 5*h = -4*j + 463 + 3900, -5*j + 3494 = 4*h. Is h composite?
True
Is (-34372)/(-6) - (-2)/6 a prime number?
False
Let k = -50 - -70. Suppose -2*i - 2*g + 25 = -i, -k = 4*g. Is i prime?
False
Suppose 3*z = -z + 8. Suppose -4*u = -x - 8, z*x = -4*u + 4*x + 4. Suppose -u*m - 3*m + 1146 = 0. Is m a prime number?
True
Let n(c) = -c**3 - c**2 + c + 3570. Let q be n(0). Let b be q/33 - (-2)/(-11). Suppose 0 = f + i - b, -2*f + 6*f = 2*i + 420. Is f a composite number?
True
Let n = 2 - 16. Let w be (-301 - 2) + n/7. Let m = -102 - w. Is m a composite number?
True
Suppose -17 = 4*s - 49. Suppose 4*v = s*v - 764. Is v composite?
False
Let w = -121 + 1129. Suppose 5*n + 2985 = 5*i, 1566 = -3*n + 4*i - 229. Let j = n + w. Is j prime?
False
Let k(t) = -2*t**2 - 9*t - 1. Let r be k(-4). Suppose -r*u - 1 = -19. Is u a prime number?
False
Let h(z) = 271*z - 21. Let r(o) = 181*o - 14. Let v(i) = -5*h(i) + 7*r(i). Is v(-5) a prime number?
False
Suppose -95 = -5*s + 170. Suppose 4*r - s = 39. Is r composite?
False
Suppose -33*r + 29 = -103. Let z(b) = -4*b**3 + 6*b**2 + 4*b + 1. Let x(f) = 7*f**3 - 13*f**2 - 8*f - 1. Let d(o) = -3*x(o) - 5*z(o). Is d(r) composite?
True
Let k be (-315)/12 + 2/8. Let c = k + 151. Suppose u - c = -30. Is u prime?
False
Let u(z) = 2016*z - 11. Is u(6) a composite number?
True
Let i(n) = -2*n + 310. Let t be i(0). Suppose 5*v + t = 3*z - 1583, 4*z - v = 2524. Is z prime?
True
Let n(b) = b + 2. Let v be n(2). Suppose -x = v*i + 1532, -x + 1610 = -4*i + 70. Let s = i - -811. Is s composite?
True
Is (10/(-5))/(-3 - (-2119033)/706349) composite?
False
Let n be (-8 - (-3 - 1)) + -27. Let b = n - -28. Is 42 + 0 + (-2 - b) composite?
False
Let d(l) = 124*l**2 + 13 - 238*l**2 - 3*l + 129*l**2. Is d(-11) a prime number?
True
Suppose 3*v + 3657 = 3*o, 3*o = -2*v + 2*o - 2447. Let w = -751 - v. Is w a composite number?
True
Suppose -7*v + 5*l + 501888 = 0, 3*v + 0*v + 4*l = 215101. Is v composite?
False
Let l(q) = -87*q - 22. Let s be -4 + 3 + -5 + -1. Is l(s) a prime number?
True
Let g be (-3 - 1)/8*0. Suppose -2*b - 3*i + 121 = g, -5*b + 309 = i - 0*i. Suppose -5*r + 3*r + b = 0. Is r prime?
True
Let t = 18 + -15. Suppose 0 = -u + 13 - t. Is u prime?
False
Let s(b) = -2*b + 16. Let r be s(9). Let a be r/4*(1 + -5). Is a + 0 + 189*1 composite?
False
Let s(o) = 9*o**2 - 16*o + 10. Let v(c) = -c**3 - 8*c**2 + 15*c - 9. Let p(u) = 6*s(u) + 7*v(u). Is p(-7) a prime number?
True
Suppose -4*i + 2*m + 3633 + 1811 = 0, i = -5*m + 1361. Is i a prime number?
True
Suppose 0 = -26*u + 18719 + 69863. Is u prime?
True
Let c = 16 - 15. Suppose 0 = -5*f - 2*u - 16, -f + u + 0*u + 1 = 0. Is 53*(f - -3)/c a prime number?
True
Let k(f) = 4844*f + 305. Is k(13) a prime number?
True
Let x(u) = -3088*u + 99. Is x(-4) a prime number?
True
Suppose 4*l - 13497 = -5*b, -4*l - 267 = -b + 2418. Is b/6 + 5/(-10) composite?
False
Suppose -x - 4*v = -3*v + 1, 4*v - 38 = 3*x. Let l(d) = -29*d + 11. Is l(x) a composite number?
True
Let a(v) be the first derivative of v**4/8 - 3*v**3/2 + 4*v**2 - 7. Let l(w) be the second derivative of a(w). Is l(5) a composite number?
True
Suppose 107206 = 8*w + 30942. Is w a prime number?
True
Let l be 0/((8/(-14))/((-4)/14)). Suppose -94*b + 96*b - 7418 = l. Is b a prime number?
True
Suppose -45*o - 14511 = -48*o. Is o a prime number?
False
Suppose 14187 + 2472 = 9*r. Is r prime?
False
Suppose 35*t - 30*t = 20. Is (t/16)/(1/236) composite?
False
Suppose -15*j + 141 = 1116. Let y = j + 276. Is y composite?
False
Let v be 38/(-5)*(1 - (-18)/(-3)). Let u = 53 - v. Is u a prime number?
False
Let d be (-3)/(-24) - (-6)/(-48). Suppose 5*y + 885 - 4400 = d. Is y a composite number?
True
Suppose -226*g + 210*g = -205008. Is g a composite number?
True
Suppose -16*t = 38*t - 194778. Is t a composite number?
False
Let u(o) = 5*o + 1. Let d(z) = z. Let l(r) = -6*d(r) + u(r). Let j be l(3). Is j/(-6)*(-6 - -207) composite?
False
Let o = -15 - -15. Let b be -1*o/((-12)/3). Suppose 4*f - 153 - 155 = b. Is f a prime number?
False
Let l(j) = 185*j + 81. Is l(8) composite?
True
Is (4/((-8)/(-9974)))/((-11)/(-11)) prime?
True
Suppose 0 = -4*g - 3351 - 2413. Let y = g + 2118. Is y a composite number?
False
Let s(t) = 5 + 4*t - 7 + 6*t**2 - 5. Is s(-6) a prime number?
False
Suppose 11*v + 3676 = 12*v. Suppose -3*r - 4595 = -5*o, -4*o - 7*r + v = -3*r. Suppose 4*b = 2053 + o. Is b a prime number?
True
Let i = 655 - 273. Suppose -3*c - 5*q = -189 - i, q = 2. Is c prime?
False
Let r(i) = i**3 + 36*i**2 + 2*i + 66. Let v be r(-30). Let b = v + -1879. Is b composite?
False
Is (158/(-22) - -7) + 295785/33 a prime number?
True
Let o = 4881 + -2036. Let s = -1938 + o. Is s composite?
False
Suppose 3*l + 4*q = 6*l - 19059, q = -l + 6353. Is l prime?
True
Let z = 3 - 11. Let i be (-1)/(-2) + 20/z. Is (-258 + 1 + i)/(-1) prime?
False
Let b(k) = k**3 - k**2 - k. Let w be b(0). Let q = -6 + w. Is (-8)/12 - 502/q prime?
True
Suppose r - 7 = -3. Let x = 1364 - 898. Suppose -k - k - 5*y = -x, -k + 207 = -r*y. Is k a composite n